{"id":757,"date":"2024-11-21T00:03:14","date_gmt":"2024-11-21T00:03:14","guid":{"rendered":"https:\/\/ideallabo.dz\/?post_type=product&#038;p=757"},"modified":"2024-12-09T05:28:37","modified_gmt":"2024-12-09T05:28:37","slug":"colorant-violet-de-gentiane-flacon-1l","status":"publish","type":"product","link":"https:\/\/ideallabo.dz\/?product=colorant-violet-de-gentiane-flacon-1l","title":{"rendered":"Colorant Violet de Gentiane Flacon 1L"},"content":{"rendered":"<p>Le Violet de Gentiane est un colorant de laboratoire utilis\u00e9 principalement pour les colorations en microbiologie et histologie. Il est couramment utilis\u00e9 pour colorer des \u00e9chantillons biologiques, permettant de mieux observer certaines structures ou cellules au microscope. Le violet de gentiane est \u00e9galement utilis\u00e9 dans certaines m\u00e9thodes de diagnostic et comme antiseptique.<\/p>\n<p><strong>Caract\u00e9ristiques :<\/strong><\/p>\n<ul>\n<li><strong>Volume :<\/strong> 1L<\/li>\n<li><strong>Utilisation :<\/strong> Coloration de pr\u00e9parations biologiques et microbiologiques, ainsi que dans certains proc\u00e9d\u00e9s diagnostiques en laboratoire.<\/li>\n<li><strong>Propri\u00e9t\u00e9s :<\/strong> Solution aqueuse de colorant avec une couleur violet caract\u00e9ristique.<\/li>\n<li><strong>Stockage :<\/strong> \u00c0 conserver dans un endroit frais, sec, et \u00e0 l&rsquo;abri de la lumi\u00e8re pour pr\u00e9server ses propri\u00e9t\u00e9s.<\/li>\n<\/ul>\n<p><strong>Utilisation typique :<\/strong><\/p>\n<ul>\n<li>Coloration de bact\u00e9ries et autres micro-organismes pour des analyses microscopiques.<\/li>\n<li>Utilis\u00e9 dans la pr\u00e9paration de certains types de milieux de culture.<\/li>\n<li>Application dans des tests diagnostiques pour identifier certaines maladies.<\/li>\n<\/ul>\n","protected":false},"excerpt":{"rendered":"<p>Le <strong>Colorant Violet de Gentiane Flacon 1L<\/strong> est un colorant de laboratoire utilis\u00e9 principalement pour la coloration de bact\u00e9ries, de tissus et d&rsquo;autres \u00e9chantillons biologiques. Il est couramment employ\u00e9 en microbiologie et en histologie pour am\u00e9liorer la visibilit\u00e9 des structures au microscope.<\/p>\n","protected":false},"featured_media":758,"template":"","meta":{"site-sidebar-layout":"default","site-content-layout":"","ast-site-content-layout":"default","site-content-style":"default","site-sidebar-style":"default","ast-global-header-display":"","ast-banner-title-visibility":"","ast-main-header-display":"","ast-hfb-above-header-display":"","ast-hfb-below-header-display":"","ast-hfb-mobile-header-display":"","site-post-title":"","ast-breadcrumbs-content":"","ast-featured-img":"","footer-sml-layout":"","theme-transparent-header-meta":"default","adv-header-id-meta":"","stick-header-meta":"","header-above-stick-meta":"","header-main-stick-meta":"","header-below-stick-meta":"","astra-migrate-meta-layouts":"set","ast-page-background-enabled":"default","ast-page-background-meta":{"desktop":{"background-color":"var(--ast-global-color-4)","background-image":"","background-repeat":"repeat","background-position":"center center","background-size":"auto","background-attachment":"scroll","background-type":"","background-media":"","overlay-type":"","overlay-color":"","overlay-opacity":"","overlay-gradient":""},"tablet":{"background-color":"","background-image":"","background-repeat":"repeat","background-position":"center center","background-size":"auto","background-attachment":"scroll","background-type":"","background-media":"","overlay-type":"","overlay-color":"","overlay-opacity":"","overlay-gradient":""},"mobile":{"background-color":"","background-image":"","background-repeat":"repeat","background-position":"center center","background-size":"auto","background-attachment":"scroll","background-type":"","background-media":"","overlay-type":"","overlay-color":"","overlay-opacity":"","overlay-gradient":""}},"ast-content-background-meta":{"desktop":{"background-color":"var(--ast-global-color-5)","background-image":"","background-repeat":"repeat","background-position":"center center","background-size":"auto","background-attachment":"scroll","background-type":"","background-media":"","overlay-type":"","overlay-color":"","overlay-opacity":"","overlay-gradient":""},"tablet":{"background-color":"var(--ast-global-color-5)","background-image":"","background-repeat":"repeat","background-position":"center center","background-size":"auto","background-attachment":"scroll","background-type":"","background-media":"","overlay-type":"","overlay-color":"","overlay-opacity":"","overlay-gradient":""},"mobile":{"background-color":"var(--ast-global-color-5)","background-image":"","background-repeat":"repeat","background-position":"center center","background-size":"auto","background-attachment":"scroll","background-type":"","background-media":"","overlay-type":"","overlay-color":"","overlay-opacity":"","overlay-gradient":""}}},"product_cat":[50],"product_tag":[88,87,75],"class_list":{"0":"post-757","1":"product","2":"type-product","3":"status-publish","4":"has-post-thumbnail","6":"product_cat-colorants","7":"product_tag-1l","8":"product_tag-colorants","9":"product_tag-falcon","10":"desktop-align-center","11":"tablet-align-left","12":"mobile-align-left","14":"first","15":"instock","16":"shipping-taxable","17":"purchasable","18":"product-type-simple"},"_links":{"self":[{"href":"https:\/\/ideallabo.dz\/index.php?rest_route=\/wp\/v2\/product\/757","targetHints":{"allow":["GET"]}}],"collection":[{"href":"https:\/\/ideallabo.dz\/index.php?rest_route=\/wp\/v2\/product"}],"about":[{"href":"https:\/\/ideallabo.dz\/index.php?rest_route=\/wp\/v2\/types\/product"}],"wp:featuredmedia":[{"embeddable":true,"href":"https:\/\/ideallabo.dz\/index.php?rest_route=\/wp\/v2\/media\/758"}],"wp:attachment":[{"href":"https:\/\/ideallabo.dz\/index.php?rest_route=%2Fwp%2Fv2%2Fmedia&parent=757"}],"wp:term":[{"taxonomy":"product_cat","embeddable":true,"href":"https:\/\/ideallabo.dz\/index.php?rest_route=%2Fwp%2Fv2%2Fproduct_cat&post=757"},{"taxonomy":"product_tag","embeddable":true,"href":"https:\/\/ideallabo.dz\/index.php?rest_route=%2Fwp%2Fv2%2Fproduct_tag&post=757"}],"curies":[{"name":"wp","href":"https:\/\/api.w.org\/{rel}","templated":true}]}}